{"id":1311,"date":"2017-07-13T23:11:31","date_gmt":"2017-07-13T23:11:31","guid":{"rendered":"http:\/\/quintadoscapuchos.pt\/site\/?page_id=1311"},"modified":"2017-08-06T18:58:05","modified_gmt":"2017-08-06T18:58:05","slug":"the-estate","status":"publish","type":"page","link":"https:\/\/quintadoscapuchos.pt\/site\/the-estate\/","title":{"rendered":"The estate"},"content":{"rendered":"<div id=\"pl-1311\"  class=\"panel-layout\" ><div id=\"pg-1311-0\"  class=\"panel-grid panel-has-style\" ><div class=\"siteorigin-panels-stretch panel-row-style panel-row-style-for-1311-0\" data-stretch-type=\"full-stretched\" ><div id=\"pgc-1311-0-0\"  class=\"panel-grid-cell\" ><div id=\"panel-1311-0-0-0\" class=\"so-panel widget widget_sow-hero panel-first-child panel-last-child\" data-index=\"0\" ><div\n\t\t\t\n\t\t\tclass=\"so-widget-sow-hero so-widget-sow-hero-default-869db3e9cd0b-1311 so-widget-fittext-wrapper\"\n\t\t\t data-fit-text-compressor=\"0.85\"\n\t\t>\t\t\t\t<div class=\"sow-slider-base\" style=\"display: none\" tabindex=\"0\">\n\t\t\t\t\t<ul\n\t\t\t\t\tclass=\"sow-slider-images\"\n\t\t\t\t\tdata-settings=\"{&quot;pagination&quot;:true,&quot;speed&quot;:800,&quot;timeout&quot;:8000,&quot;paused&quot;:false,&quot;pause_on_hover&quot;:false,&quot;swipe&quot;:true,&quot;nav_always_show_desktop&quot;:&quot;&quot;,&quot;nav_always_show_mobile&quot;:&quot;&quot;,&quot;breakpoint&quot;:&quot;780px&quot;,&quot;unmute&quot;:false,&quot;anchor&quot;:null}\"\n\t\t\t\t\tstyle=\"min-height: 333px\"\t\t\t\t\tdata-anchor-id=\"\"\n\t\t\t\t>\t\t<li class=\"sow-slider-image  sow-slider-image-cover\" style=\"visibility: visible;;background-color: #1e1e1e\" >\n\t\t\t\t\t<div class=\"sow-slider-image-container\">\n\t\t\t<div class=\"sow-slider-image-wrapper\">\n\t\t\t\t<h1 style=\"text-align: center\">The estate<\/h1>\n<p style=\"text-align: center\"><strong>From the memory of the times and the most advanced techniques of the agronomist<\/strong><br \/><strong> monks of Santa Maria de Alcoba\u00e7a in the terroir of Quinta dos Capuchos, history is fulfilled.<\/strong><\/p>\t\t\t<\/div>\n\t\t<\/div>\n\t\t<div class=\"sow-slider-image-overlay sow-slider-image-cover lazyload\" style=\"opacity: 0.78;background-image:inherit\"   data-bg-image=\"url(https:\/\/quintadoscapuchos.pt\/site\/wp-content\/uploads\/2017\/06\/Vinha-geral-Outono.jpg)\"><\/div>\t\t<\/li>\n\t\t<\/ul>\t\t\t\t<ol class=\"sow-slider-pagination\">\n\t\t\t\t\t\t\t\t\t\t\t<li><a href=\"#\" data-goto=\"0\" aria-label=\"display slide 1\"><\/a><\/li>\n\t\t\t\t\t\t\t\t\t<\/ol>\n\n\t\t\t\t<div class=\"sow-slide-nav sow-slide-nav-next\">\n\t\t\t\t\t<a href=\"#\" data-goto=\"next\" aria-label=\"next slide\" data-action=\"next\">\n\t\t\t\t\t\t<em class=\"sow-sld-icon-thin-right\"><\/em>\n\t\t\t\t\t<\/a>\n\t\t\t\t<\/div>\n\n\t\t\t\t<div class=\"sow-slide-nav sow-slide-nav-prev\">\n\t\t\t\t\t<a href=\"#\" data-goto=\"previous\" aria-label=\"previous slide\" data-action=\"prev\">\n\t\t\t\t\t\t<em class=\"sow-sld-icon-thin-left\"><\/em>\n\t\t\t\t\t<\/a>\n\t\t\t\t<\/div>\n\t\t\t\t<\/div><\/div><\/div><\/div><\/div><\/div><div id=\"pg-1311-1\"  class=\"panel-grid panel-no-style\" ><div id=\"pgc-1311-1-0\"  class=\"panel-grid-cell\" ><div id=\"panel-1311-1-0-0\" class=\"so-panel widget widget_sow-headline panel-first-child\" data-index=\"1\" ><div class=\"panel-widget-style panel-widget-style-for-1311-1-0-0\" ><div\n\t\t\t\n\t\t\tclass=\"so-widget-sow-headline so-widget-sow-headline-default-c24af51a90db-1311\"\n\t\t\t\n\t\t><div class=\"sow-headline-container \">\n\t\t\t\t\t\t\t<h1 class=\"sow-headline\">\n\t\t\t\t\t\tOrigin &amp; Terroir\t\t\t\t\t\t<\/h1>\n\t\t\t\t\t\t\t\t\t\t\t<div class=\"decoration\">\n\t\t\t\t\t\t<div class=\"decoration-inside\"><\/div>\n\t\t\t\t\t<\/div>\n\t\t\t\t\t<\/div>\n<\/div><\/div><\/div><div id=\"panel-1311-1-0-1\" class=\"so-panel widget widget_sow-editor panel-last-child\" data-index=\"2\" ><div\n\t\t\t\n\t\t\tclass=\"so-widget-sow-editor so-widget-sow-editor-base\"\n\t\t\t\n\t\t>\n<div class=\"siteorigin-widget-tinymce textwidget\">\n\t<p style=\"text-align: justify;\">The Quinta dos Capuchos winery Estate, is part of a 1918 building, which, together with a part of Quinta de Santa Thereza, was acquired by a great-grandfather of the present owners in 1925.<\/p>\n<p style=\"text-align: justify;\">The vineyards totalize an area of \u200b\u200b12 ha, including the following red varieties; Touriga Nacional, Castel\u00e3o, Syrah, Aragonez and Cabernet Sauvignon, and the white varieties, Arinto, Verdelho, Sauvignon Blanc and Chardonnay.<\/p>\n<p style=\"text-align: justify;\">In the oldest building with open tanks from 1933, 1962 and 2015, used in a traditional register (fermentation \/ foot-treading), for the production of top quality red wines. A stained-glass window (alluding to vineyards and wines) by Mr. Jo\u00e3o Coelho da Silva, and executed according to the classic method by Mr. Jos\u00e9 Pombo de Alcoba\u00e7a.<\/p>\n<p style=\"text-align: justify;\">In the areas of recent construction are fermentation tanks and storage in stainless steel. The reception of the grapes in the cellar is made in this area.<\/p>\n<\/div>\n<\/div><\/div><\/div><div id=\"pgc-1311-1-1\"  class=\"panel-grid-cell\" ><div id=\"panel-1311-1-1-0\" class=\"so-panel widget widget_sow-simple-masonry panel-first-child panel-last-child\" data-index=\"3\" ><div\n\t\t\t\n\t\t\tclass=\"so-widget-sow-simple-masonry so-widget-sow-simple-masonry-default-d75171398898-1311\"\n\t\t\t\n\t\t>\n\n<div class=\"sow-masonry-grid\"\n\t data-layouts=\"{&quot;desktop&quot;:{&quot;numColumns&quot;:4,&quot;rowHeight&quot;:0,&quot;gutter&quot;:10},&quot;tablet&quot;:{&quot;breakPoint&quot;:768,&quot;numColumns&quot;:2,&quot;rowHeight&quot;:0,&quot;gutter&quot;:0},&quot;mobile&quot;:{&quot;breakPoint&quot;:480,&quot;numColumns&quot;:1,&quot;rowHeight&quot;:0,&quot;gutter&quot;:0}}\" data-layout-origin-left=\"true\" >\n\t\t\t\t<div class=\"sow-masonry-grid-item\" data-col-span=\"2\"\n\t\t\t     data-row-span=\"1\">\n\t\t\t\t\n\t\t\t\t\n\t\t\t\t<img loading=\"lazy\" decoding=\"async\" width=\"800\" height=\"495\" data-src=\"https:\/\/quintadoscapuchos.pt\/site\/wp-content\/uploads\/vinha_geral.jpg\" class=\"sow-masonry-grid-image lazyload\" alt=\"\" title=\"\" data-srcset=\"https:\/\/quintadoscapuchos.pt\/site\/wp-content\/uploads\/\/vinha_geral.jpg 800w, https:\/\/quintadoscapuchos.pt\/site\/wp-content\/uploads\/\/vinha_geral-600x371.jpg 600w\" data-sizes=\"auto, (max-width: 800px) 100vw, 800px\" src=\"data:image\/gif;base64,R0lGODlhAQABAAAAACH5BAEKAAEALAAAAAABAAEAAAICTAEAOw==\" style=\"--smush-placeholder-width: 800px; --smush-placeholder-aspect-ratio: 800\/495;\" \/><noscript><img loading=\"lazy\" decoding=\"async\" width=\"800\" height=\"495\" src=\"https:\/\/quintadoscapuchos.pt\/site\/wp-content\/uploads\/vinha_geral.jpg\" class=\"sow-masonry-grid-image\" alt=\"\" title=\"\" srcset=\"https:\/\/quintadoscapuchos.pt\/site\/wp-content\/uploads\/\/vinha_geral.jpg 800w, https:\/\/quintadoscapuchos.pt\/site\/wp-content\/uploads\/\/vinha_geral-600x371.jpg 600w\" sizes=\"auto, (max-width: 800px) 100vw, 800px\" \/><\/noscript>\n\t\t\t\t\n\t\t\t\t\t\t\t<\/div>\n\t\t\t\t\t\t<div class=\"sow-masonry-grid-item\" data-col-span=\"2\"\n\t\t\t     data-row-span=\"1\">\n\t\t\t\t\n\t\t\t\t\n\t\t\t\t<img loading=\"lazy\" decoding=\"async\" width=\"425\" height=\"284\" data-src=\"https:\/\/quintadoscapuchos.pt\/site\/wp-content\/uploads\/vinha_rebento.jpg\" class=\"sow-masonry-grid-image lazyload\" alt=\"\" title=\"\" src=\"data:image\/gif;base64,R0lGODlhAQABAAAAACH5BAEKAAEALAAAAAABAAEAAAICTAEAOw==\" style=\"--smush-placeholder-width: 425px; --smush-placeholder-aspect-ratio: 425\/284;\" \/><noscript><img loading=\"lazy\" decoding=\"async\" width=\"425\" height=\"284\" src=\"https:\/\/quintadoscapuchos.pt\/site\/wp-content\/uploads\/vinha_rebento.jpg\" class=\"sow-masonry-grid-image\" alt=\"\" title=\"\" \/><\/noscript>\n\t\t\t\t\n\t\t\t\t\t\t\t<\/div>\n\t\t\t\t\t\t<div class=\"sow-masonry-grid-item\" data-col-span=\"1\"\n\t\t\t     data-row-span=\"1\">\n\t\t\t\t\n\t\t\t\t\n\t\t\t\t<img loading=\"lazy\" decoding=\"async\" width=\"800\" height=\"533\" data-src=\"https:\/\/quintadoscapuchos.pt\/site\/wp-content\/uploads\/abrolhamento.jpg\" class=\"sow-masonry-grid-image lazyload\" alt=\"\" title=\"\" data-srcset=\"https:\/\/quintadoscapuchos.pt\/site\/wp-content\/uploads\/\/abrolhamento.jpg 800w, https:\/\/quintadoscapuchos.pt\/site\/wp-content\/uploads\/\/abrolhamento-600x400.jpg 600w\" data-sizes=\"auto, (max-width: 800px) 100vw, 800px\" src=\"data:image\/gif;base64,R0lGODlhAQABAAAAACH5BAEKAAEALAAAAAABAAEAAAICTAEAOw==\" style=\"--smush-placeholder-width: 800px; --smush-placeholder-aspect-ratio: 800\/533;\" \/><noscript><img loading=\"lazy\" decoding=\"async\" width=\"800\" height=\"533\" src=\"https:\/\/quintadoscapuchos.pt\/site\/wp-content\/uploads\/abrolhamento.jpg\" class=\"sow-masonry-grid-image\" alt=\"\" title=\"\" srcset=\"https:\/\/quintadoscapuchos.pt\/site\/wp-content\/uploads\/\/abrolhamento.jpg 800w, https:\/\/quintadoscapuchos.pt\/site\/wp-content\/uploads\/\/abrolhamento-600x400.jpg 600w\" sizes=\"auto, (max-width: 800px) 100vw, 800px\" \/><\/noscript>\n\t\t\t\t\n\t\t\t\t\t\t\t<\/div>\n\t\t\t\t\t\t<div class=\"sow-masonry-grid-item\" data-col-span=\"2\"\n\t\t\t     data-row-span=\"1\">\n\t\t\t\t\n\t\t\t\t\n\t\t\t\t<img loading=\"lazy\" decoding=\"async\" width=\"800\" height=\"533\" data-src=\"https:\/\/quintadoscapuchos.pt\/site\/wp-content\/uploads\/copo.jpg\" class=\"sow-masonry-grid-image lazyload\" alt=\"\" title=\"\" data-srcset=\"https:\/\/quintadoscapuchos.pt\/site\/wp-content\/uploads\/\/copo.jpg 800w, https:\/\/quintadoscapuchos.pt\/site\/wp-content\/uploads\/\/copo-600x400.jpg 600w\" data-sizes=\"auto, (max-width: 800px) 100vw, 800px\" src=\"data:image\/gif;base64,R0lGODlhAQABAAAAACH5BAEKAAEALAAAAAABAAEAAAICTAEAOw==\" style=\"--smush-placeholder-width: 800px; --smush-placeholder-aspect-ratio: 800\/533;\" \/><noscript><img loading=\"lazy\" decoding=\"async\" width=\"800\" height=\"533\" src=\"https:\/\/quintadoscapuchos.pt\/site\/wp-content\/uploads\/copo.jpg\" class=\"sow-masonry-grid-image\" alt=\"\" title=\"\" srcset=\"https:\/\/quintadoscapuchos.pt\/site\/wp-content\/uploads\/\/copo.jpg 800w, https:\/\/quintadoscapuchos.pt\/site\/wp-content\/uploads\/\/copo-600x400.jpg 600w\" sizes=\"auto, (max-width: 800px) 100vw, 800px\" \/><\/noscript>\n\t\t\t\t\n\t\t\t\t\t\t\t<\/div>\n\t\t\t\t\t\t<div class=\"sow-masonry-grid-item\" data-col-span=\"1\"\n\t\t\t     data-row-span=\"2\">\n\t\t\t\t\n\t\t\t\t\n\t\t\t\t<img loading=\"lazy\" decoding=\"async\" width=\"474\" height=\"800\" data-src=\"https:\/\/quintadoscapuchos.pt\/site\/wp-content\/uploads\/porta_ogiva-1.jpg\" class=\"sow-masonry-grid-image lazyload\" alt=\"\" title=\"porta_ogiva\" src=\"data:image\/gif;base64,R0lGODlhAQABAAAAACH5BAEKAAEALAAAAAABAAEAAAICTAEAOw==\" style=\"--smush-placeholder-width: 474px; --smush-placeholder-aspect-ratio: 474\/800;\" \/><noscript><img loading=\"lazy\" decoding=\"async\" width=\"474\" height=\"800\" src=\"https:\/\/quintadoscapuchos.pt\/site\/wp-content\/uploads\/porta_ogiva-1.jpg\" class=\"sow-masonry-grid-image\" alt=\"\" title=\"porta_ogiva\" \/><\/noscript>\n\t\t\t\t\n\t\t\t\t\t\t\t<\/div>\n\t\t\t\t\t\t<div class=\"sow-masonry-grid-item\" data-col-span=\"1\"\n\t\t\t     data-row-span=\"2\">\n\t\t\t\t\n\t\t\t\t\n\t\t\t\t<img loading=\"lazy\" decoding=\"async\" width=\"533\" height=\"800\" data-src=\"https:\/\/quintadoscapuchos.pt\/site\/wp-content\/uploads\/vindima.jpg\" class=\"sow-masonry-grid-image lazyload\" alt=\"\" title=\"\" src=\"data:image\/gif;base64,R0lGODlhAQABAAAAACH5BAEKAAEALAAAAAABAAEAAAICTAEAOw==\" style=\"--smush-placeholder-width: 533px; --smush-placeholder-aspect-ratio: 533\/800;\" \/><noscript><img loading=\"lazy\" decoding=\"async\" width=\"533\" height=\"800\" src=\"https:\/\/quintadoscapuchos.pt\/site\/wp-content\/uploads\/vindima.jpg\" class=\"sow-masonry-grid-image\" alt=\"\" title=\"\" \/><\/noscript>\n\t\t\t\t\n\t\t\t\t\t\t\t<\/div>\n\t\t\t\t\t\t<div class=\"sow-masonry-grid-item\" data-col-span=\"1\"\n\t\t\t     data-row-span=\"1\">\n\t\t\t\t\n\t\t\t\t\n\t\t\t\t<img loading=\"lazy\" decoding=\"async\" width=\"800\" height=\"533\" data-src=\"https:\/\/quintadoscapuchos.pt\/site\/wp-content\/uploads\/passeios_2.jpg\" class=\"sow-masonry-grid-image lazyload\" alt=\"\" title=\"\" data-srcset=\"https:\/\/quintadoscapuchos.pt\/site\/wp-content\/uploads\/\/passeios_2.jpg 800w, https:\/\/quintadoscapuchos.pt\/site\/wp-content\/uploads\/\/passeios_2-600x400.jpg 600w\" data-sizes=\"auto, (max-width: 800px) 100vw, 800px\" src=\"data:image\/gif;base64,R0lGODlhAQABAAAAACH5BAEKAAEALAAAAAABAAEAAAICTAEAOw==\" style=\"--smush-placeholder-width: 800px; --smush-placeholder-aspect-ratio: 800\/533;\" \/><noscript><img loading=\"lazy\" decoding=\"async\" width=\"800\" height=\"533\" src=\"https:\/\/quintadoscapuchos.pt\/site\/wp-content\/uploads\/passeios_2.jpg\" class=\"sow-masonry-grid-image\" alt=\"\" title=\"\" srcset=\"https:\/\/quintadoscapuchos.pt\/site\/wp-content\/uploads\/\/passeios_2.jpg 800w, https:\/\/quintadoscapuchos.pt\/site\/wp-content\/uploads\/\/passeios_2-600x400.jpg 600w\" sizes=\"auto, (max-width: 800px) 100vw, 800px\" \/><\/noscript>\n\t\t\t\t\n\t\t\t\t\t\t\t<\/div>\n\t\t\t\t\t\t<div class=\"sow-masonry-grid-item\" data-col-span=\"1\"\n\t\t\t     data-row-span=\"1\">\n\t\t\t\t\n\t\t\t\t\n\t\t\t\t<img loading=\"lazy\" decoding=\"async\" width=\"800\" height=\"533\" data-src=\"https:\/\/quintadoscapuchos.pt\/site\/wp-content\/uploads\/uvas_02.jpg\" class=\"sow-masonry-grid-image lazyload\" alt=\"\" title=\"\" data-srcset=\"https:\/\/quintadoscapuchos.pt\/site\/wp-content\/uploads\/\/uvas_02.jpg 800w, https:\/\/quintadoscapuchos.pt\/site\/wp-content\/uploads\/\/uvas_02-600x400.jpg 600w\" data-sizes=\"auto, (max-width: 800px) 100vw, 800px\" src=\"data:image\/gif;base64,R0lGODlhAQABAAAAACH5BAEKAAEALAAAAAABAAEAAAICTAEAOw==\" style=\"--smush-placeholder-width: 800px; --smush-placeholder-aspect-ratio: 800\/533;\" \/><noscript><img loading=\"lazy\" decoding=\"async\" width=\"800\" height=\"533\" src=\"https:\/\/quintadoscapuchos.pt\/site\/wp-content\/uploads\/uvas_02.jpg\" class=\"sow-masonry-grid-image\" alt=\"\" title=\"\" srcset=\"https:\/\/quintadoscapuchos.pt\/site\/wp-content\/uploads\/\/uvas_02.jpg 800w, https:\/\/quintadoscapuchos.pt\/site\/wp-content\/uploads\/\/uvas_02-600x400.jpg 600w\" sizes=\"auto, (max-width: 800px) 100vw, 800px\" \/><\/noscript>\n\t\t\t\t\n\t\t\t\t\t\t\t<\/div>\n\t\t\t\t\t\t<div class=\"sow-masonry-grid-item\" data-col-span=\"2\"\n\t\t\t     data-row-span=\"1\">\n\t\t\t\t\n\t\t\t\t\n\t\t\t\t<img loading=\"lazy\" decoding=\"async\" width=\"800\" height=\"533\" data-src=\"https:\/\/quintadoscapuchos.pt\/site\/wp-content\/uploads\/engarrafamento.jpg\" class=\"sow-masonry-grid-image lazyload\" alt=\"\" title=\"\" data-srcset=\"https:\/\/quintadoscapuchos.pt\/site\/wp-content\/uploads\/\/engarrafamento.jpg 800w, https:\/\/quintadoscapuchos.pt\/site\/wp-content\/uploads\/\/engarrafamento-600x400.jpg 600w, https:\/\/quintadoscapuchos.pt\/site\/wp-content\/uploads\/\/engarrafamento-300x200.jpg 300w, https:\/\/quintadoscapuchos.pt\/site\/wp-content\/uploads\/\/engarrafamento-768x512.jpg 768w, https:\/\/quintadoscapuchos.pt\/site\/wp-content\/uploads\/\/engarrafamento-90x60.jpg 90w, https:\/\/quintadoscapuchos.pt\/site\/wp-content\/uploads\/\/engarrafamento-135x90.jpg 135w, https:\/\/quintadoscapuchos.pt\/site\/wp-content\/uploads\/\/engarrafamento-180x120.jpg 180w, https:\/\/quintadoscapuchos.pt\/site\/wp-content\/uploads\/\/engarrafamento-225x150.jpg 225w, https:\/\/quintadoscapuchos.pt\/site\/wp-content\/uploads\/\/engarrafamento-338x225.jpg 338w, https:\/\/quintadoscapuchos.pt\/site\/wp-content\/uploads\/\/engarrafamento-413x275.jpg 413w, https:\/\/quintadoscapuchos.pt\/site\/wp-content\/uploads\/\/engarrafamento-272x182.jpg 272w\" data-sizes=\"auto, (max-width: 800px) 100vw, 800px\" src=\"data:image\/gif;base64,R0lGODlhAQABAAAAACH5BAEKAAEALAAAAAABAAEAAAICTAEAOw==\" style=\"--smush-placeholder-width: 800px; --smush-placeholder-aspect-ratio: 800\/533;\" \/><noscript><img loading=\"lazy\" decoding=\"async\" width=\"800\" height=\"533\" src=\"https:\/\/quintadoscapuchos.pt\/site\/wp-content\/uploads\/engarrafamento.jpg\" class=\"sow-masonry-grid-image\" alt=\"\" title=\"\" srcset=\"https:\/\/quintadoscapuchos.pt\/site\/wp-content\/uploads\/\/engarrafamento.jpg 800w, https:\/\/quintadoscapuchos.pt\/site\/wp-content\/uploads\/\/engarrafamento-600x400.jpg 600w, https:\/\/quintadoscapuchos.pt\/site\/wp-content\/uploads\/\/engarrafamento-300x200.jpg 300w, https:\/\/quintadoscapuchos.pt\/site\/wp-content\/uploads\/\/engarrafamento-768x512.jpg 768w, https:\/\/quintadoscapuchos.pt\/site\/wp-content\/uploads\/\/engarrafamento-90x60.jpg 90w, https:\/\/quintadoscapuchos.pt\/site\/wp-content\/uploads\/\/engarrafamento-135x90.jpg 135w, https:\/\/quintadoscapuchos.pt\/site\/wp-content\/uploads\/\/engarrafamento-180x120.jpg 180w, https:\/\/quintadoscapuchos.pt\/site\/wp-content\/uploads\/\/engarrafamento-225x150.jpg 225w, https:\/\/quintadoscapuchos.pt\/site\/wp-content\/uploads\/\/engarrafamento-338x225.jpg 338w, https:\/\/quintadoscapuchos.pt\/site\/wp-content\/uploads\/\/engarrafamento-413x275.jpg 413w, https:\/\/quintadoscapuchos.pt\/site\/wp-content\/uploads\/\/engarrafamento-272x182.jpg 272w\" sizes=\"auto, (max-width: 800px) 100vw, 800px\" \/><\/noscript>\n\t\t\t\t\n\t\t\t\t\t\t\t<\/div>\n\t\t\t\t\t\t<div class=\"sow-masonry-grid-item\" data-col-span=\"1\"\n\t\t\t     data-row-span=\"1\">\n\t\t\t\t\n\t\t\t\t\n\t\t\t\t<img loading=\"lazy\" decoding=\"async\" width=\"800\" height=\"533\" data-src=\"https:\/\/quintadoscapuchos.pt\/site\/wp-content\/uploads\/passeios.jpg\" class=\"sow-masonry-grid-image lazyload\" alt=\"\" title=\"\" data-srcset=\"https:\/\/quintadoscapuchos.pt\/site\/wp-content\/uploads\/\/passeios.jpg 800w, https:\/\/quintadoscapuchos.pt\/site\/wp-content\/uploads\/\/passeios-600x400.jpg 600w\" data-sizes=\"auto, (max-width: 800px) 100vw, 800px\" src=\"data:image\/gif;base64,R0lGODlhAQABAAAAACH5BAEKAAEALAAAAAABAAEAAAICTAEAOw==\" style=\"--smush-placeholder-width: 800px; --smush-placeholder-aspect-ratio: 800\/533;\" \/><noscript><img loading=\"lazy\" decoding=\"async\" width=\"800\" height=\"533\" src=\"https:\/\/quintadoscapuchos.pt\/site\/wp-content\/uploads\/passeios.jpg\" class=\"sow-masonry-grid-image\" alt=\"\" title=\"\" srcset=\"https:\/\/quintadoscapuchos.pt\/site\/wp-content\/uploads\/\/passeios.jpg 800w, https:\/\/quintadoscapuchos.pt\/site\/wp-content\/uploads\/\/passeios-600x400.jpg 600w\" sizes=\"auto, (max-width: 800px) 100vw, 800px\" \/><\/noscript>\n\t\t\t\t\n\t\t\t\t\t\t\t<\/div>\n\t\t\t\n<\/div>\n<\/div><\/div><\/div><\/div><\/div>","protected":false},"excerpt":{"rendered":"<p>The Quinta dos Capuchos winery Estate, is part of a 1918 building, which, together with a part of Quinta de Santa Thereza, was acquired by a great-grandfather of the present owners in 1925. The vineyards totalize an area of \u200b\u200b12 ha, including the following red varieties; Touriga Nacional, Castel\u00e3o, Syrah, Aragonez and Cabernet Sauvignon, and [&hellip;]<\/p>\n","protected":false},"author":1,"featured_media":0,"parent":0,"menu_order":0,"comment_status":"closed","ping_status":"closed","template":"templates\/template-full-notitle.php","meta":{"_exactmetrics_skip_tracking":false,"_exactmetrics_sitenote_active":false,"_exactmetrics_sitenote_note":"","_exactmetrics_sitenote_category":0,"footnotes":""},"class_list":["post-1311","page","type-page","status-publish","hentry","post"],"_links":{"self":[{"href":"https:\/\/quintadoscapuchos.pt\/site\/wp-json\/wp\/v2\/pages\/1311","targetHints":{"allow":["GET"]}}],"collection":[{"href":"https:\/\/quintadoscapuchos.pt\/site\/wp-json\/wp\/v2\/pages"}],"about":[{"href":"https:\/\/quintadoscapuchos.pt\/site\/wp-json\/wp\/v2\/types\/page"}],"author":[{"embeddable":true,"href":"https:\/\/quintadoscapuchos.pt\/site\/wp-json\/wp\/v2\/users\/1"}],"replies":[{"embeddable":true,"href":"https:\/\/quintadoscapuchos.pt\/site\/wp-json\/wp\/v2\/comments?post=1311"}],"version-history":[{"count":9,"href":"https:\/\/quintadoscapuchos.pt\/site\/wp-json\/wp\/v2\/pages\/1311\/revisions"}],"predecessor-version":[{"id":1660,"href":"https:\/\/quintadoscapuchos.pt\/site\/wp-json\/wp\/v2\/pages\/1311\/revisions\/1660"}],"wp:attachment":[{"href":"https:\/\/quintadoscapuchos.pt\/site\/wp-json\/wp\/v2\/media?parent=1311"}],"curies":[{"name":"wp","href":"https:\/\/api.w.org\/{rel}","templated":true}]}}